hat is the units digit of q/(1 + 3 - 5)?
5
What is the ten thousands digit of 217/1953 - (2 + (-2601464)/36)?
7
Let u(k) = k**2 + 6*k + 24. Suppose x - 3*o - 9 = -14, 12 = 4*x - 4*o. What is the hundreds digit of u(x)?
1
Let i be (-9111)/(-7) - 68/119. Suppose 0 = -2*k - 2, 8*n - 12*n + k = -i. What is the tens digit of n?
2
Suppose -18 - 2 = -4*v. Let c(u) = 2*u**3 - 10*u**2 + 8. Let w be c(v). Suppose w*s = 12*s - 256. What is the tens digit of s?
6
Suppose 1716 + 3900 = 16*m. Let v = m + -220. What is the units digit of v?
1
Let f be 243/36*3/((-9)/16). Let p be (-136 - -1)/(27/f). Suppose p = -10*g + 13*g. What is the tens digit of g?
6
Let h(a) be the third derivative of -a**6/120 - a**5/15 - a**4/6 - 5*a**3/6 - 22*a**2. What is the tens digit of h(-7)?
7
Let u(t) = 3*t**2 - 41*t + 41. Let n be 2/(-8)*-6*(-11 + 23). Let g be u(n). Suppose -3*a + 28 = -g. What is the tens digit of a?
0
Let x(t) = -6*t**2 - 10*t + 39. Let v(u) = 7*u**2 + 10*u - 41. Let h(l) = -5*v(l) - 6*x(l). What is the units digit of h(-14)?
7
Suppose -4*x + 200 = -3*x + 3*m, -4*x + 832 = -4*m. Suppose x*l = 211*l - 1870. What is the tens digit of l?
7
Let l(c) = -6*c + 168. Let k be l(14). What is the units digit of k/(-15)*((-378)/4 + 2)?
8
Suppose 8*h = 9*h + 5. Let x be 1/h - (-9)/(-5). What is the units digit of 2/(120/(-61) - x)?
1
Let o(n) = -14*n**3 - 7*n**2 - 15*n. Let v be o(-3). Let i be (3*(-2)/(-9))/((-15)/v). What is the units digit of (15/(-20))/(6/i) + 39?
1
Let x(d) = 1398*d - 2658. What is the hundreds digit of x(44)?
8
Let v = -1516 + 4537. Suppose 5*w = 24*w - v. What is the units digit of w?
9
Let i be 0/(8/(-6)*6/2). Suppose i = -3*r - 3*l + 3252, -4*r - 3*l = -0*l - 4332. What is the hundreds digit of r?
0
Let p = -59284 + 114826. What is the thousands digit of p?
5
What is the tens digit of 444021/(-356)*(-12)/9?
6
Suppose -2391 = 5*n - 111. Suppose 41*q - 18821 = 12*q. Let r = n + q. What is the units digit of r?
3
Suppose -64*h = -63*h + 3. Let v(u) = 40*u**2 - 23*u - 1. What is the tens digit of v(h)?
2
What is the tens digit of 174/29 + -1 + 9860?
6
Let j = -21 + 328. Let l = j + -124. Suppose 3*g - 2*g = 3*t + 143, -g - 5*t + l = 0. What is the units digit of g?
8
Let m(x) be the second derivative of -17*x**3/2 - 2*x**2 + 24*x. Let g be m(-3). Suppose 4*r + 5*w = 8*r - 533, 0 = -r - 4*w + g. What is the tens digit of r?
3
Let j = -2857 - -4682. Suppose 5*r = 4*q - 71, -7*q + 4*q - r + 39 = 0. Suppose q*l = -397 + j. What is the hundreds digit of l?
1
Suppose 23387*p + 49595 = 23400*p. What is the thousands digit of p?
3
Let b = 3 + -28. Let l = b - -20. What is the tens digit of 84/((-5)/l) + 0?
8
Let n(q) = -q**3 + 89*q**2 - 154*q + 307. What is the tens digit of n(87)?
4
Suppose -3*p = -s - 1090, 2*p - p - 354 = 5*s. Let r = -193 + p. What is the tens digit of r?
7
Let p(s) = 5*s - 3. Let f be p(1). Suppose f*q - 87 = -229. Let b = 210 + q. What is the tens digit of b?
3
Let f = 54 - 51. Suppose 0 = -2*a - 19 + 13, -f*l - 2*a - 3 = 0. What is the units digit of l?
1
Let q be -1*(-5)/(20/16). Suppose 4*b = m - 79, -5*m + 74 = -q*m - 5*b. Suppose -2*u = -m - 69. What is the tens digit of u?
8
Suppose 3*r = -f + 264033, -41*r + 39*r + f + 176037 = 0. What is the hundreds digit of r?
0
Suppose 0 = -h + 3*o - 288 - 462, 4*o - 12 = 0. Let a = 1333 + h. Suppose a = 5*p - 778. What is the tens digit of p?
7
Let u(a) = 554*a + 1. Let t(i) = 2215*i + 3. Let r(g) = -2*t(g) + 9*u(g). What is the tens digit of r(2)?
1
Let j(w) = 4*w**2 + 17*w + 12. Let g be j(-4). Let l(n) = n + 1. Let q be l(6). Suppose -q*o + 69 = -g. What is the units digit of o?
1
Let w = -255 + 488. Let y = w - 92. Suppose -18 - y = -3*f. What is the tens digit of f?
5
Let z be 2/(-3) - (-982)/6. Let t be ((-38)/(-6))/(((-168)/(-8))/1071). Suppose -2*x - q = -z, x - t = -3*x - q. What is the tens digit of x?
8
Suppose -8*g = 2826 - 53266. Suppose n - 14*n = -g. What is the units digit of n?
5
Suppose -7*t = -3*t + 4*o + 20, -4 = o. Let f(g) = 2*g**3 + 6*g**2 + 2*g - 3. Let s be f(-1). What is the tens digit of t/s - (-5 + -177)?
8
Let g be 4/(-6) - (-488)/(-120)*5. What is the hundreds digit of -1 - 27/g - 22594/(-154)?
1
Suppose -5*o + 18*m - 21*m + 47650 = 0, -2*m - 28571 = -3*o. What is the units digit of o?
7
Let b(x) = 1366*x**3 + 4*x**2 + 10*x - 52. What is the thousands digit of b(3)?
6
Suppose -4*y - 5*h + 1752 = -40, -1344 = -3*y - 5*h. Let n be y/6 - (-12)/36. Suppose 3*b - 141 = n. What is the units digit of b?
2
Let y = -342 + -183. Let t = 1051 + y. What is the units digit of t?
6
Let m = -133 - -260. Suppose 5*f - m = 203. What is the tens digit of f?
6
Let p be (1348/3)/(((-28)/(-6))/7). Suppose -229 = s + 7*c - 3*c, -3*s - p = -c. What is the units digit of ((2/3)/(-2))/(5/s)?
5
Let q(r) = r**3 - 22*r**2 + 18*r - 43. Let f be q(18). Let n = -658 - f. What is the hundreds digit of n?
3
Let u = -42 - -92. Let z = u - 41. Suppose -160 = -2*r + 4*f, -3*f = -z + 24. What is the units digit of r?
0
Let p(i) = 8*i**2 + 7*i - 20. Suppose 2*o = 58 - 298. Let y = o - -114. What is the tens digit of p(y)?
2
Let f be 16/(-96) - 39/(-18). What is the hundreds digit of ((-15)/30)/(f/(-24)) + 632?
6
Let p be (-2)/4*(7 + -3) - 958. Let x = p + 1428. Let w = x + -207. What is the hundreds digit of w?
2
Suppose 0 = 6084*r - 6077*r - 15274. What is the thousands digit of r?
2
Suppose 534*k - 541*k + 141155 = 0. What is the thousands digit of k?
0
Let y(u) be the second derivative of -u**4/12 + 5*u**3/3 - 8*u**2 + 3*u + 13. Let a = 0 - -7. What is the units digit of y(a)?
5
What is the units digit of (-51 - -15783) + 2/2 + -4?
9
Let r = 571 + -583. What is the units digit of r/8*(-352)/33?
6
Let s = 36 + -20. Suppose -3*x + 5 = -s. Suppose -4*o = -x - 9. What is the units digit of o?
4
Let x be 6/(-5)*5/(-2). Suppose -x*g = -3*f + 24, 3*f + 4*g = -0*g - 11. What is the tens digit of f - 1 - (-1 + (-152 - -7))?
4
Suppose 6*i - 2*t = 2*i - 4, -3*t = -3*i - 3. What is the units digit of (-6 - 686)/i + 3?
5
Suppose 0 = 15*p - 16*p + 24. Suppose 24*u - p = 22*u. What is the tens digit of 602/u - 1/6?
5
Suppose -3*l - 930 = 27*l. Let s = 5 + -1. Let q = s - l. What is the units digit of q?
5
Suppose 5 = 2*x + g, -2*g + 5 = 3*x - 0*g. Suppose -1974 = -4*i - 2*j, -x*i = -0*i + j - 2460. What is the tens digit of i?
9
Let n(h) = -3110*h + 106. What is the units digit of n(-1)?
6
What is the units digit of (-772 - -774) + ((-347154)/(-14) - (-4)/14)?
9
Let c = 106 - 101. Suppose 3*y - 1612 = -c*o + 244, 0 = -5*o + 4*y + 1842. What is the tens digit of o?
7
Suppose -4*x + 16 = 0, -209*x + 210*x = 2*g - 5538. What is the units digit of g?
1
Let s(x) = 9*x**2 - 6*x - 3. Let q be s(-3). Suppose 0 = -q*o + 101*o - 1450. What is the hundreds digit of o?
2
Let i(q) = -6 + 220*q**2 + 1770*q - 3542*q + 1770*q. What is the units digit of i(2)?
0
Let u(b) = 3192*b + 9644. What is the tens digit of u(8)?
8
Let w(k) = 24*k**2 - 11 + 9 - 25 + 12*k - 18. What is the thousands digit of w(-7)?
1
Let m be 10/4*16/(-10). Let g be 2/(-8)*m*-2. Let a(x) = 21*x**2 - 2*x + 2. What is the tens digit of a(g)?
9
Let p(a) be the second derivative of a**4/12 - 7*a**3/6 - 13*a**2/2 + 2*a. Let n(w) = w**2 - 23*w - 316. Let t be n(33). What is the units digit of p(t)?
5
Let m(y) = -17*y - 99. Let z be m(-6). Suppose 8*x + 5*h = z*x + 2050, -20 = 4*h. What is the hundreds digit of x?
4
Let f be 1/(681/339 - 2). Let q be 39/((9 - 3510/400) + 9/(-15)). Let b = q + f. What is the units digit of b?
9
Suppose 4*c - 61 = -0*c + s, -2*c + 18 = 2*s. Suppose -5*o - q = c, o + q + 1 + 1 = 0. What is the tens digit of (o + (-332)/8)*(-1 + -1)?
8
Let h(m) = -26*m**3 - 9*m**2 + 22*m + 109. What is the thousands digit of h(-10)?
4
Let y(h) be the second derivative of 0 - 19*h + 10*h**2 + 1/12*h**4 + 5/6*h**3. What is the units digit of y(-10)?
0
Let s(w) be the second derivative of -w**4/12 - 11*w**3/3 + 11*w**2/2 - 8*w. What is the tens digit of s(-20)?
5
Suppose 0 = -12*k + 29112 + 43152 + 21012. What is the tens digit of k?
7
Suppose 1365 = 17*u - 12*u. Suppose 507 = 6*q - u. What is the hundreds digit of q?
1
Suppose 0 = -5*a - 38 + 43. Let z be (-1 + 3 - 31)/(a/(-2)). Let l = z + -37. What is the units digit of l?
1
Let j = -941 -